?
15
Calculate the highest common divisor of 26 and 7501.
13
What is the greatest common factor of 166 and 83?
83
What is the greatest common divisor of 2047 and 23?
23
What is the highest common divisor of 28 and 644?
28
What is the highest common divisor of 300 and 4050?
150
What is the highest common divisor of 700 and 160?
20
What is the greatest common factor of 1732 and 4?
4
Calculate the greatest common factor of 56 and 104.
8
Calculate the highest common factor of 124 and 155.
31
What is the highest common factor of 16 and 200?
8
What is the greatest common divisor of 40 and 1090?
10
Calculate the highest common divisor of 697 and 17.
17
Calculate the highest common factor of 106 and 137906.
106
Calculate the highest common factor of 2403 and 445.
89
What is the highest common factor of 7015 and 5490?
305
What is the highest common divisor of 144 and 48?
48
Calculate the greatest common divisor of 7436 and 44.
44
Calculate the greatest common divisor of 168 and 300.
12
Calculate the highest common factor of 707 and 7.
7
Calculate the greatest common divisor of 104 and 30160.
104
What is the greatest common divisor of 36 and 11979?
9
What is the greatest common factor of 12 and 28164?
12
Calculate the highest common divisor of 882 and 28.
14
Calculate the greatest common factor of 3 and 13.
1
Calculate the greatest common factor of 261 and 9.
9
What is the greatest common divisor of 3324 and 12?
12
Calculate the highest common divisor of 767 and 177.
59
Calculate the greatest common divisor of 321 and 214.
107
Calculate the greatest common factor of 99 and 1053.
9
What is the highest common divisor of 272 and 24?
8
What is the greatest common factor of 4767 and 147?
21
Calculate the highest common factor of 3390 and 30.
30
What is the highest common factor of 3773 and 98?
49
Calculate the highest common divisor of 202 and 74336.
202
What is the greatest common factor of 6 and 75?
3
What is the greatest common factor of 1491 and 84?
21
What is the highest common factor of 10 and 270?
10
Calculate the greatest common divisor of 36 and 3324.
12
Calculate the greatest common factor of 48 and 112.
16
What is the greatest common factor of 2241 and 54?
27
What is the greatest common factor of 34 and 32?
2
What is the greatest common factor of 50 and 15?
5
Calculate the highest common factor of 81 and 3.
3
What is the greatest common factor of 8 and 4?
4
What is the greatest common factor of 19 and 4?
1
What is the highest common divisor of 180 and 10386?
18
Calculate the greatest common divisor of 832 and 598.
26
Calculate the highest common divisor of 5634 and 36.
18
What is the highest common divisor of 3200 and 480?
160
Calculate the highest common factor of 493 and 68.
17
Calculate the greatest common factor of 1450 and 50.
50
Calculate the greatest common factor of 386 and 50.
2
What is the greatest common divisor of 30 and 165?
15
What is the highest common divisor of 9 and 9?
9
Calculate the highest common divisor of 56542 and 102.
34
Calculate the greatest common divisor of 14 and 56.
14
Calculate the highest common factor of 68 and 34.
34
Calculate the highest common divisor of 8 and 6.
2
Calculate the greatest common factor of 11 and 5632.
11
What is the highest common factor of 12 and 300?
12
Calculate the highest common divisor of 238 and 126.
14
Calculate the highest common factor of 60 and 255.
15
Calculate the highest common divisor of 38 and 6517.
19
Calculate the greatest common factor of 2359 and 14.
7
What is the greatest common factor of 46 and 207?
23
Calculate the greatest common divisor of 7742 and 196.
98
What is the highest common factor of 78 and 1911?
39
What is the greatest common divisor of 2 and 962?
2
Calculate the highest common factor of 423 and 188.
47
What is the highest common divisor of 96 and 8?
8
Calculate the greatest common factor of 3475 and 25.
25
Calculate the highest common divisor of 20 and 20.
20
Calculate the highest common factor of 1275 and 85.
85
Calculate the greatest common divisor of 123 and 6.
3
What is the greatest common divisor of 253 and 253?
253
Calculate the greatest common divisor of 4848 and 96.
48
What is the highest common divisor of 5539 and 29?
29
What is the highest common divisor of 102 and 34?
34
What is the highest common divisor of 189 and 1566?
27
Calculate the highest common factor of 27524 and 28.
28
Calculate the greatest common factor of 414 and 92.
46
What is the highest common factor of 32 and 4528?
16
What is the greatest common divisor of 74 and 851?
37
What is the greatest common divisor of 3971 and 627?
209
Calculate the highest common divisor of 981 and 441.
9
Calculate the greatest common divisor of 378 and 10080.
126
Calculate the highest common divisor of 813 and 3.
3
What is the greatest common factor of 490 and 882?
98
Calculate the highest common factor of 340 and 8755.
85
Calculate the highest common factor of 470 and 188.
94
Calculate the highest common divisor of 531 and 18.
9
What is the highest common factor of 165 and 10560?
165
Calculate the greatest common factor of 1 and 8.
1
What is the highest common factor of 450 and 13950?
450
What is the highest common factor of 6 and 33906?
6
What is the highest common divisor of 65 and 8073?
13
What is the greatest common factor of 156 and 702?
78
What is the greatest common factor of 12 and 348?
12
What is the greatest common factor of 611 and 650?
13
Calculate the greatest common factor of 19 and 101479.
19
Calculate the highest common factor of 392 and 833.
49
What is the highest common factor of 2862 and 36?
18
What is the greatest common divisor of 679 and 388?
97
What is the highest common factor of 221 and 34?
17
Calculate the highest common divisor of 98 and 833.
49
Calculate the highest common divisor of 606 and 808.
202
What is the highest common divisor of 64 and 12?
4
Calculate the greatest common factor of 4739 and 14.
7
Calculate the greatest common factor of 194 and 873.
97
What is the highest common factor of 1374 and 6?
6
Calculate the highest common factor of 160 and 2.
2
Calculate the highest common divisor of 32 and 544.
32
What is the highest common divisor of 3926 and 26?
26
Calculate the highest common factor of 4811 and 1415.
283
Calculate the highest common divisor of 1677 and 156.
39
What is the greatest common divisor of 6 and 6330?
6
What is the greatest common factor of 413 and 7?
7
What is the greatest common factor of 234 and 73242?
234
What is the greatest common divisor of 266 and 14?
14
What is the highest common factor of 43 and 2279?
43
Calculate the greatest common divisor of 63 and 1197.
63
What is the highest common divisor of 21 and 889?
7
What is the highest common divisor of 24 and 6312?
24
What is the highest common factor of 255 and 465?
15
What is the greatest common divisor of 159 and 30104?
53
What is the highest common factor of 28 and 182?
14
Calculate the greatest common factor of 148 and 3996.
148
What is the highest common factor of 609 and 42?
21
Calculate the highest common factor of 240 and 200.
40
Calculate the greatest common divisor of 452 and 4.
4
Calculate the greatest common factor of 1632 and 782.
34
What is the greatest common factor of 342 and 266?
38
What is the highest common divisor of 874 and 76?
38
What is the highest common factor of 10519 and 201?
67
What is the greatest common factor of 63 and 2016?
63
What is the greatest common divisor of 1644 and 12?
12
Calculate the highest common factor of 576 and 1488.
48
What is the highest common factor of 130 and 40?
10
What is the greatest common factor of 114 and 1748?
38
What is the greatest common factor of 1775 and 71?
71
Calculate the highest common divisor of 75 and 50.
25
What is the highest common factor of 22 and 231?
11
Calculate the highest common factor of 92 and 276.
92
Calculate the greatest common divisor of 106 and 3074.
106
Calculate the highest common factor of 5 and 15.
5
Calculate the highest common factor of 763 and 7.
7
What is the greatest common divisor of 126 and 90?
18
What is the greatest common divisor of 425 and 3145?
85
What is the highest common factor of 476 and 28?
28
What is the highest common factor of 62 and 155?
31
Calculate the greatest common diviso